rs of (d/(-30))/((-1)/(-10)).
2
Suppose -4*g = -3*u + 7 + 52, 4 = 4*g. List the prime factors of u.
3, 7
Let a(h) = -h**2 - 11*h + 9. Let d be a(-11). Let s(f) = f**3 - 8*f**2 - 8*f - 7. Let v be s(d). Suppose -6 = -4*g + v*g. List the prime factors of g.
3
List the prime factors of -3*4/(-21) - (-9723)/49.
199
Suppose -f = 2*u + 2, 4*u + 0*u = 5*f + 24. Let m = f - -6. Suppose m*k - 5*k = -9. List the prime factors of k.
3
Suppose 5 = 5*t - 5, 2 = -2*r + 4*t. Suppose -4*b = -r - 13. Suppose 4*k - 37 = -b*v + v, 5*k - 2*v = 52. List the prime factors of k.
2, 5
Suppose 5*d = -a + 253, -823 = -3*a + 4*d - 3*d. What are the prime factors of a?
3, 7, 13
Suppose 4*h - 14 = -k + 40, -5*h = 2*k - 105. List the prime factors of k.
2, 5
Let p be ((-10)/8 + 1)*-4. What are the prime factors of 27/4*(5 - p)?
3
Let k(d) = -d + 13. Let b be k(9). Suppose -q + 11 = p + q, b*q = -12. What are the prime factors of p?
17
Suppose -5*u + 0*u = -15. Let k(n) = 33*n**2 + n. Let d be k(-1). Suppose -u*z = 4*j + z - d, -4*j - z + 35 = 0. List the prime factors of j.
3
Let d(i) = i**3 - 2*i**2 + 1. Let n be 16/(-20) - 1/5. Let b be d(n). What are the prime factors of -2 + b/((-2)/19)?
17
Let m = 19 - 14. Let o be 94/3 + 2/(-6). Suppose 3*t + 2*a = 12 - m, -4*a - o = -3*t. List the prime factors of t.
5
Suppose 2*u - 5*f + 0*f - 127 = 0, 2*f + 328 = 5*u. List the prime factors of u.
2, 3, 11
Suppose 3*y - y = -2*v + 40, -3*v + 4*y = -74. What are the prime factors of 326/v + (-8)/(-44)?
3, 5
Let r(h) = 8*h**3 + h**2 + 2*h + 1. Let y be r(-1). Let q be (-3 + 7)*50/8. Let v = y + q. What are the prime factors of v?
17
Let k be 19/114 - (-5)/6. What are the prime factors of k + 26 + (-1 - -3)?
29
Let x(r) = r + 1. What are the prime factors of x(13)?
2, 7
Let g(r) = 4*r + 8*r - 18*r + 7 + 12*r. List the prime factors of g(8).
5, 11
Let t(r) = -3*r + 6. List the prime factors of t(-13).
3, 5
Suppose 0*u + u - 4 = -4*f, 2*f = 4*u + 20. Let j = 1 - f. List the prime factors of (8 - 1) + (j - 1).
5
Suppose 2 = 3*k - 4. Suppose 0*w = w - k. List the prime factors of (-3)/(1/w + -2).
2
List the prime factors of (-8)/2 + (45 - -1).
2, 3, 7
Suppose 2*v + 215 = 5*s, 3*v = 4*s + v - 174. What are the prime factors of s?
41
Suppose 3*f + 7*v - 2*v - 46 = 0, 4*f = 5*v + 3. List the prime factors of f.
7
Let j(u) = u - 3. Let g(h) = h**2 - 3*h + 3. Let c be g(3). Let i be j(c). Suppose -2*b + 8 + 0 = i. What are the prime factors of b?
2
Let x = 4 + 17. Suppose l = 2*l - x. Let f = l + -15. What are the prime factors of f?
2, 3
Let y = 91 + -59. List the prime factors of y.
2
Suppose -111 = -4*a - l, -107 = -3*a + 3*l + l. Let v = 47 - a. What are the prime factors of v?
2, 3
Let i(h) = -h**3 - 9*h**2 - 8*h + 3. Let u be i(-8). List the prime factors of 2*(-7 + u)*-2.
2
Let u(a) = -a**2 + 4*a. Let c be u(4). Suppose c = -2*i + 4*i - 24. What are the prime factors of i?
2, 3
Suppose 231 = 2*v + v. List the prime factors of v.
7, 11
Let i(c) = 7*c - 2*c**2 - 2 + 2*c**2 + 5*c**2 - c**3. Let p be i(6). Suppose -h + 55 = p*h. List the prime factors of h.
11
Suppose y + q - 6 = 0, -3*y + 4*q - 2 = 15. Let u be y*-3 - 4/(-2). Let c(x) = 14*x**2 + x. What are the prime factors of c(u)?
13
Suppose 5*l - 360 = l. Suppose 0 = j + 4*j - l. What are the prime factors of j?
2, 3
Suppose -3*g + 4*l + 97 = 0, -6*g = -g + 5*l - 115. What are the prime factors of g?
3
Let s = 100 + -28. What are the prime factors of s?
2, 3
Let o be 53/3 + 5/15. Suppose w - 29 = 3*v - 0*v, -w = -2*v - 18. Let i = v + o. What are the prime factors of i?
7
Suppose 0 = -2*z + 5*z, -5*z + 3 = -q. Let w be (-19)/(-4) - q/(-4). Suppose w*y - 24 + 4 = 0. List the prime factors of y.
5
Suppose 370 = 5*v + q - 347, -q = -5*v + 713. What are the prime factors of v?
11, 13
Let h be -3 + 1 + (-4)/(-2). Suppose -2*k - 4*t = k + 8, h = t + 2. What are the prime factors of (-2 - k)*90/(-12)?
3, 5
Suppose -70 = -3*d + 2*j - 29, 2*j = 10. List the prime factors of d.
17
Suppose -g + 124 = 3*g. Let q = -14 + 1. Let p = g + q. List the prime factors of p.
2, 3
Suppose 6*c - 1283 = 751. List the prime factors of c.
3, 113
Suppose -4*y - 3*r + 231 = 0, y - 69 = -r + 4*r. List the prime factors of y.
2, 3, 5
Let u(j) = -j**3 - j**2 + 18. Let b be u(0). What are the prime factors of 174/b + (-2)/3?
3
Suppose 0*a + 25 = a. Let t = 63 - a. What are the prime factors of t?
2, 19
Suppose 3*c - 3*q - 12 = 18, -3*c + 55 = 2*q. Let w = 3 + 6. Let l = c - w. List the prime factors of l.
2, 3
Let n = 12 + 0. List the prime factors of n.
2, 3
Suppose 5*s - 3*v + 2 = 0, 0 = -2*s - 3*s + 2*v - 3. List the prime factors of s + 0 - (2 - 8).
5
Let z(j) = -j - 2. Let g be z(-2). Suppose -2*d - 8 + 32 = g. What are the prime factors of d?
2, 3
Let i be ((-54)/4)/((-3)/6). Suppose 14 = -5*w - 5*j - 1, -i = -w + 5*j. What are the prime factors of 51/6 + w/(-4)?
2
Let o be 0/(-1) + (7 - 7). Suppose -v + 4 + 4 = o. What are the prime factors of v?
2
Let h(s) = s**3 - 10*s**2 + 2*s + 2. Let t be h(10). What are the prime factors of -2 + t - 6/2?
17
Suppose c + q = -0*q + 27, 17 = c - q. What are the prime factors of c?
2, 11
Suppose d = 2*j - 9, 4*d - 2 = 2. Suppose 5*h - 6 - 4 = 0. Suppose 2*w - 35 = -j*z, -2*w + 16 = -w + h*z. List the prime factors of w.
2, 5
Let p = 77 + 2. Suppose 5*o + 16 = 2*k + p, 0 = o + k - 14. List the prime factors of o.
13
Let x(h) = -1 + 0 + 6 - 2 + h. Let u be 10/(-15) + (-46)/(-6). List the prime factors of x(u).
2, 5
Let o(i) = 4*i**3 - 11*i**2 + 16*i + 16. Let v(j) = -j**3 - j**2 - j + 1. Let d(n) = o(n) + 3*v(n). List the prime factors of d(13).
19
Suppose 0 = 5*l - 67 - 18. Let x = l + -4. What are the prime factors of x?
13
Suppose -3*m - 740 = -7*m. What are the prime factors of m?
5, 37
Let b be ((-8)/(-6))/(1/3). Suppose -7 = -b*r - 23, 3*r + 87 = 5*k. List the prime factors of k.
3, 5
Let r = -28 + 68. What are the prime factors of r?
2, 5
Let j = 168 + -100. List the prime factors of j.
2, 17
Let f be (-3 - -2)/((-1)/2). Suppose 0*k = f*k - 16. List the prime factors of k.
2
Let f(i) = i**3 - 12*i**2 + 2*i + 16. List the prime factors of f(12).
2, 5
Let v be 92/16 + (-1)/(-4). List the prime factors of 91/21 - (-4)/v.
5
Let y(o) = 3*o**2 + 3*o - 4. Let w(p) = -3*p**2 - 4*p + 5. Let j(v) = 2*w(v) + 3*y(v). What are the prime factors of j(-2)?
2
Suppose 0 = 4*l - 23 + 179. Suppose s - 4*s - 51 = 0. Let j = s - l. What are the prime factors of j?
2, 11
Suppose -5*t - 16 = l, -4*l + 0*t = -2*t + 20. List the prime factors of (20 + -3)/((-3)/l).
2, 17
Let n = 99 - 63. List the prime factors of n.
2, 3
Let n(t) = t**2 - 4*t + 1. Let z be n(4). Let j = -4 - -11. List the prime factors of z*j + 3 + -2.
2
Let m = -32 - -50. List the prime factors of m.
2, 3
Let c(g) be the third derivative of -g**4/24 + g**3/6 - 4*g**2. List the prime factors of c(-15).
2
Let g = -3 - -10. Suppose -6*a + 3*a + 12 = 5*f, -5*a - f = -20. Suppose g*k - a*k = 42. What are the prime factors of k?
2, 7
Let s(k) be the second derivative of -5/2*k**2 + 1/12*k**4 + 0 + k - k**3. List the prime factors of s(8).
11
What are the prime factors of (1 - 444/9)/(1/(-3))?
5, 29
Suppose 0*a + a = 2. Suppose -2 - a = 2*z, -4*i - 3*z = -2. What are the prime factors of i?
2
Let y(r) = -r**2 + 4*r - 3. Let k be y(2). Let p(b) = 12*b**2 + b. What are the prime factors of p(k)?
13
Let k = 354 + -4. What are the prime factors of k?
2, 5, 7
Let t(u) = -u**3 + 3*u**2 - 2*u - 2. Let r be t(2). Let a be 5/2 + r/4. Suppose -a*z - 18 = -2*i, 2*i - i - 14 = -4*z. List the prime factors of i.
2, 5
Suppose 0 = -a + 61 - 8. What are the prime factors of a?
53
Let s(u) = 2*u**3 - u**2 + u - 2. Let l be s(2). Suppose -2*x + l = 2*x. Suppose -2*w - 5*g + 7 = 0, 5*w + x*g - 29 = 2*g. What are the prime factors of w?
2, 3
Suppose 0*m + 5*m - 25 = 0. Let x be m/(-4)*(-1 + 5). What are the prime factors of 5/2*(-6)/x?
3
Let a(z) = z**3 + 15*z**2 + 8*z - 24. List the prime factors of a(-14).
2, 3, 5
Suppose 5*n = 4*u + 10, -u - n = 4*u + 27. Let x = 10 + u. List the prime factors of x.
5
Let z = 121 - 49. List the prime factors of z.
2, 3
Let j = -13 + 5. Let d(q) = -q**2 - 9*q - 5. Let r be d(j). Let v = 15 - r. List the prime factors of v.
2, 3
Suppose -l + t = -12, 2*l = -t - 3